{"id":66,"date":"2023-08-05T02:23:04","date_gmt":"2023-08-05T00:23:04","guid":{"rendered":"https:\/\/steigen.sv.no\/?page_id=66"},"modified":"2023-08-05T02:23:04","modified_gmt":"2023-08-05T00:23:04","slug":"vare-toppkandidater-til-valget-2023","status":"publish","type":"page","link":"https:\/\/steigen.sv.no\/?page_id=66","title":{"rendered":"V\u00e5re toppkandidater til valget 2023"},"content":{"rendered":"\n<figure class=\"wp-block-image size-medium\"><img loading=\"lazy\" decoding=\"async\" width=\"225\" height=\"300\" src=\"https:\/\/steigen.sv.no\/wp-content\/uploads\/sites\/73\/2023\/08\/aase-1-225x300.jpg\" alt=\"\" class=\"wp-image-20\" \/><\/figure>\n\n\n\n<p><strong>1.kandidat<br>Aase Refsnes, ordf\u00f8rerkandidat (39)<\/strong><br>Etter mine f\u00f8rste fire \u00e5r i kommunestyret og som ordf\u00f8rer for v\u00e5r fantastiske kommune, er jeg toppmotivert til \u00e5 fortsette \u00e5 bygge en enda bedre kommune \u00e5 bo i. Vi har f\u00e5tt til mye, men mange utfordringer gjenst\u00e5r. Hvis vi l\u00f8ser utfordringene rundt \u00e5 rekruttere og beholde ansatte, \u00f8ke kvaliteten i skole og barnehage og sikre at vi inkluderer alle, vil vi bygge en solid kommune for fremtiden. Jeg<br>er glad for \u00e5 ha med meg dette stjernelag.<\/p>\n\n\n\n<figure class=\"wp-block-image size-medium\"><img loading=\"lazy\" decoding=\"async\" width=\"225\" height=\"300\" src=\"https:\/\/steigen.sv.no\/wp-content\/uploads\/sites\/73\/2023\/08\/erling-1-225x300.jpg\" alt=\"\" class=\"wp-image-21\" \/><\/figure>\n\n\n\n<p><strong>2.kandidat<br>Erling Sverress\u00f8nn Reinholdtsen (37)<\/strong><br>Erling er f\u00f8dt og oppvokst i Steigen og returnerte sammen med<br>sin familie for 8 \u00e5r siden. Erling har sittet i styret i SV gjennom<br>hele forrige periode, og er n\u00e5 klar for \u00e5 v\u00e6re enda mer involvert i<br>politikken. Han brenner spesielt for oppveksten til barna i Steigen,<br>landbrukspolitikk, b\u00e6rekraftig utvikling og utjevning av forskjeller<br>i samfunnet.<\/p>\n\n\n\n<figure class=\"wp-block-image size-medium\"><img loading=\"lazy\" decoding=\"async\" width=\"225\" height=\"300\" src=\"https:\/\/steigen.sv.no\/wp-content\/uploads\/sites\/73\/2023\/08\/amanda-1-225x300.jpg\" alt=\"\" class=\"wp-image-22\" \/><\/figure>\n\n\n\n<p><strong>3.kandidat<br>Amanda N. Karijord (32)<\/strong><br>Amanda har bodd i flotte Steigen i litt over 3 \u00e5r og synes det er<br>fantastisk med dugnads\u00e5nden og engasjementet folk, lag og<br>foreninger gj\u00f8r for at Steigen skal bli en enda bedre plass \u00e5 bo i.<br>Amanda vil gjerne v\u00e6re med \u00e5 p\u00e5virke, og engasjementet bunner<br>i et oppriktig \u00f8nske om \u00e5 l\u00f8se de utfordringene vi har i kommunen. Hun brenner for b\u00e6rekraftig utvikling, kvalitet og trygghet i skolen, et mangfoldig landbruk og n\u00e6ringsliv og vil pr\u00f8ve \u00e5 bidra<br>med nye tanker til det beste for folk i hele Steigen. <\/p>\n\n\n\n<figure class=\"wp-block-image size-medium\"><img loading=\"lazy\" decoding=\"async\" width=\"225\" height=\"300\" src=\"https:\/\/steigen.sv.no\/wp-content\/uploads\/sites\/73\/2023\/08\/oddrikard-225x300.jpg\" alt=\"\" class=\"wp-image-23\" \/><\/figure>\n\n\n\n<p><strong>4.kandidat<br>Odd Rikard Bredal (49)<\/strong><br>Odd Rikard er v\u00e5r mest erfarne politiker, og har sittet mange perioder i kommunestyret. Han brenner for kvalitet i skole og barnehage og at alle skal med i skolen, b\u00e5de sosialt og faglig. Han er ogs\u00e5<br>sv\u00e6rt opptatt av n\u00e6ringsutvikling, spesielt i v\u00e5re prim\u00e6rn\u00e6ringer.<\/p>\n\n\n\n<figure class=\"wp-block-image size-medium\"><img loading=\"lazy\" decoding=\"async\" width=\"225\" height=\"300\" src=\"https:\/\/steigen.sv.no\/wp-content\/uploads\/sites\/73\/2023\/08\/bjorn-225x300.jpg\" alt=\"\" class=\"wp-image-24\" \/><\/figure>\n\n\n\n<p><strong>5.kandidat<br>Bj\u00f8rn Godal (52)<\/strong><br>Bj\u00f8rn er ny i politikken, men har alltid v\u00e6rt politisk interessert. Han brenner for \u00e5 skape et stolt, trygt, sunt og smilende samfunn med rom for alle. For Bj\u00f8rn betyr det et samfunn med sm\u00e5 forskjeller, solid kulturell, estetisk og geografisk forankring. Et samfunn der folk f\u00f8ler seg verdsatt og lytta til, der ressursene forvaltes langsiktig og alle kan ta del i disse. Med alle, mener han ogs\u00e5 de som kommer etter oss. For Bj\u00f8rn er milj\u00f8vern menneskevern. God ressursforvaltning handler for Bj\u00f8rn om at alles barn, barnebarn, osv. skal f\u00e5 et best mulig liv. Noe annet har jeg ikke samvittighet til. Bj\u00f8rn \u00f8nsker derfor \u00e5 bidra til \u00e5 utvikle Steigensamfunnet til det gode eksemplet p\u00e5 hvordan et b\u00e6rekraftig framtidssamfunn skal v\u00e6re. Kjernesaker for Bj\u00f8rn er bo-, n\u00e6rings- og lokalsamfunnsutvikling, oppvekst, klima- og milj\u00f8vennlig omstilling<\/p>\n","protected":false},"excerpt":{"rendered":"<p>1.kandidatAase Refsnes, ordf\u00f8rerkandidat (39)Etter mine f\u00f8rste fire \u00e5r i kommunestyret og som ordf\u00f8rer for v\u00e5r fantastiske kommune, er jeg toppmotivert til \u00e5 fortsette \u00e5 bygge en enda bedre kommune \u00e5 bo i. Vi har f\u00e5tt til mye, men mange utfordringer gjenst\u00e5r. Hvis vi l\u00f8ser utfordringene rundt \u00e5 rekruttere og beholde ansatte, \u00f8ke kvaliteten i skole [&hellip;]<\/p>\n","protected":false},"author":118,"featured_media":0,"parent":0,"menu_order":0,"comment_status":"closed","ping_status":"closed","template":"","meta":{"footnotes":""},"categories":[],"tags":[],"class_list":["post-66","page","type-page","status-publish","hentry"],"yoast_head":"<!-- This site is optimized with the Yoast SEO plugin v27.3 - https:\/\/yoast.com\/product\/yoast-seo-wordpress\/ -->\n<title>V\u00e5re toppkandidater til valget 2023 - Steigen SV<\/title>\n<meta name=\"robots\" content=\"index, follow, max-snippet:-1, max-image-preview:large, max-video-preview:-1\" \/>\n<link rel=\"canonical\" href=\"https:\/\/steigen.sv.no\/?page_id=66\" \/>\n<meta property=\"og:locale\" content=\"nb_NO\" \/>\n<meta property=\"og:type\" content=\"article\" \/>\n<meta property=\"og:title\" content=\"V\u00e5re toppkandidater til valget 2023 - Steigen SV\" \/>\n<meta property=\"og:description\" content=\"1.kandidatAase Refsnes, ordf\u00f8rerkandidat (39)Etter mine f\u00f8rste fire \u00e5r i kommunestyret og som ordf\u00f8rer for v\u00e5r fantastiske kommune, er jeg toppmotivert til \u00e5 fortsette \u00e5 bygge en enda bedre kommune \u00e5 bo i. Vi har f\u00e5tt til mye, men mange utfordringer gjenst\u00e5r. Hvis vi l\u00f8ser utfordringene rundt \u00e5 rekruttere og beholde ansatte, \u00f8ke kvaliteten i skole [&hellip;]\" \/>\n<meta property=\"og:url\" content=\"https:\/\/steigen.sv.no\/?page_id=66\" \/>\n<meta property=\"og:site_name\" content=\"Steigen SV\" \/>\n<meta property=\"og:image\" content=\"https:\/\/steigen.sv.no\/wp-content\/uploads\/sites\/73\/2023\/08\/aase-1-225x300.jpg\" \/>\n<meta name=\"twitter:card\" content=\"summary_large_image\" \/>\n<meta name=\"twitter:label1\" content=\"Ansl. lesetid\" \/>\n\t<meta name=\"twitter:data1\" content=\"2 minutter\" \/>\n<script type=\"application\/ld+json\" class=\"yoast-schema-graph\">{\"@context\":\"https:\\\/\\\/schema.org\",\"@graph\":[{\"@type\":\"WebPage\",\"@id\":\"https:\\\/\\\/steigen.sv.no\\\/?page_id=66\",\"url\":\"https:\\\/\\\/steigen.sv.no\\\/?page_id=66\",\"name\":\"V\u00e5re toppkandidater til valget 2023 - Steigen SV\",\"isPartOf\":{\"@id\":\"https:\\\/\\\/steigen.sv.no\\\/#website\"},\"primaryImageOfPage\":{\"@id\":\"https:\\\/\\\/steigen.sv.no\\\/?page_id=66#primaryimage\"},\"image\":{\"@id\":\"https:\\\/\\\/steigen.sv.no\\\/?page_id=66#primaryimage\"},\"thumbnailUrl\":\"https:\\\/\\\/steigen.sv.no\\\/wp-content\\\/uploads\\\/sites\\\/73\\\/2023\\\/08\\\/aase-1-225x300.jpg\",\"datePublished\":\"2023-08-05T00:23:04+00:00\",\"breadcrumb\":{\"@id\":\"https:\\\/\\\/steigen.sv.no\\\/?page_id=66#breadcrumb\"},\"inLanguage\":\"nb-NO\",\"potentialAction\":[{\"@type\":\"ReadAction\",\"target\":[\"https:\\\/\\\/steigen.sv.no\\\/?page_id=66\"]}]},{\"@type\":\"ImageObject\",\"inLanguage\":\"nb-NO\",\"@id\":\"https:\\\/\\\/steigen.sv.no\\\/?page_id=66#primaryimage\",\"url\":\"https:\\\/\\\/steigen.sv.no\\\/wp-content\\\/uploads\\\/sites\\\/73\\\/2023\\\/08\\\/aase-1-225x300.jpg\",\"contentUrl\":\"https:\\\/\\\/steigen.sv.no\\\/wp-content\\\/uploads\\\/sites\\\/73\\\/2023\\\/08\\\/aase-1-225x300.jpg\"},{\"@type\":\"BreadcrumbList\",\"@id\":\"https:\\\/\\\/steigen.sv.no\\\/?page_id=66#breadcrumb\",\"itemListElement\":[{\"@type\":\"ListItem\",\"position\":1,\"name\":\"Home\",\"item\":\"https:\\\/\\\/steigen.sv.no\\\/\"},{\"@type\":\"ListItem\",\"position\":2,\"name\":\"V\u00e5re toppkandidater til valget 2023\"}]},{\"@type\":\"WebSite\",\"@id\":\"https:\\\/\\\/steigen.sv.no\\\/#website\",\"url\":\"https:\\\/\\\/steigen.sv.no\\\/\",\"name\":\"Steigen SV\",\"description\":\"\",\"potentialAction\":[{\"@type\":\"SearchAction\",\"target\":{\"@type\":\"EntryPoint\",\"urlTemplate\":\"https:\\\/\\\/steigen.sv.no\\\/?s={search_term_string}\"},\"query-input\":{\"@type\":\"PropertyValueSpecification\",\"valueRequired\":true,\"valueName\":\"search_term_string\"}}],\"inLanguage\":\"nb-NO\"}]}<\/script>\n<!-- \/ Yoast SEO plugin. -->","yoast_head_json":{"title":"V\u00e5re toppkandidater til valget 2023 - Steigen SV","robots":{"index":"index","follow":"follow","max-snippet":"max-snippet:-1","max-image-preview":"max-image-preview:large","max-video-preview":"max-video-preview:-1"},"canonical":"https:\/\/steigen.sv.no\/?page_id=66","og_locale":"nb_NO","og_type":"article","og_title":"V\u00e5re toppkandidater til valget 2023 - Steigen SV","og_description":"1.kandidatAase Refsnes, ordf\u00f8rerkandidat (39)Etter mine f\u00f8rste fire \u00e5r i kommunestyret og som ordf\u00f8rer for v\u00e5r fantastiske kommune, er jeg toppmotivert til \u00e5 fortsette \u00e5 bygge en enda bedre kommune \u00e5 bo i. Vi har f\u00e5tt til mye, men mange utfordringer gjenst\u00e5r. Hvis vi l\u00f8ser utfordringene rundt \u00e5 rekruttere og beholde ansatte, \u00f8ke kvaliteten i skole [&hellip;]","og_url":"https:\/\/steigen.sv.no\/?page_id=66","og_site_name":"Steigen SV","og_image":[{"url":"https:\/\/steigen.sv.no\/wp-content\/uploads\/sites\/73\/2023\/08\/aase-1-225x300.jpg","type":"","width":"","height":""}],"twitter_card":"summary_large_image","twitter_misc":{"Ansl. lesetid":"2 minutter"},"schema":{"@context":"https:\/\/schema.org","@graph":[{"@type":"WebPage","@id":"https:\/\/steigen.sv.no\/?page_id=66","url":"https:\/\/steigen.sv.no\/?page_id=66","name":"V\u00e5re toppkandidater til valget 2023 - Steigen SV","isPartOf":{"@id":"https:\/\/steigen.sv.no\/#website"},"primaryImageOfPage":{"@id":"https:\/\/steigen.sv.no\/?page_id=66#primaryimage"},"image":{"@id":"https:\/\/steigen.sv.no\/?page_id=66#primaryimage"},"thumbnailUrl":"https:\/\/steigen.sv.no\/wp-content\/uploads\/sites\/73\/2023\/08\/aase-1-225x300.jpg","datePublished":"2023-08-05T00:23:04+00:00","breadcrumb":{"@id":"https:\/\/steigen.sv.no\/?page_id=66#breadcrumb"},"inLanguage":"nb-NO","potentialAction":[{"@type":"ReadAction","target":["https:\/\/steigen.sv.no\/?page_id=66"]}]},{"@type":"ImageObject","inLanguage":"nb-NO","@id":"https:\/\/steigen.sv.no\/?page_id=66#primaryimage","url":"https:\/\/steigen.sv.no\/wp-content\/uploads\/sites\/73\/2023\/08\/aase-1-225x300.jpg","contentUrl":"https:\/\/steigen.sv.no\/wp-content\/uploads\/sites\/73\/2023\/08\/aase-1-225x300.jpg"},{"@type":"BreadcrumbList","@id":"https:\/\/steigen.sv.no\/?page_id=66#breadcrumb","itemListElement":[{"@type":"ListItem","position":1,"name":"Home","item":"https:\/\/steigen.sv.no\/"},{"@type":"ListItem","position":2,"name":"V\u00e5re toppkandidater til valget 2023"}]},{"@type":"WebSite","@id":"https:\/\/steigen.sv.no\/#website","url":"https:\/\/steigen.sv.no\/","name":"Steigen SV","description":"","potentialAction":[{"@type":"SearchAction","target":{"@type":"EntryPoint","urlTemplate":"https:\/\/steigen.sv.no\/?s={search_term_string}"},"query-input":{"@type":"PropertyValueSpecification","valueRequired":true,"valueName":"search_term_string"}}],"inLanguage":"nb-NO"}]}},"_links":{"self":[{"href":"https:\/\/steigen.sv.no\/index.php?rest_route=\/wp\/v2\/pages\/66","targetHints":{"allow":["GET"]}}],"collection":[{"href":"https:\/\/steigen.sv.no\/index.php?rest_route=\/wp\/v2\/pages"}],"about":[{"href":"https:\/\/steigen.sv.no\/index.php?rest_route=\/wp\/v2\/types\/page"}],"author":[{"embeddable":true,"href":"https:\/\/steigen.sv.no\/index.php?rest_route=\/wp\/v2\/users\/118"}],"replies":[{"embeddable":true,"href":"https:\/\/steigen.sv.no\/index.php?rest_route=%2Fwp%2Fv2%2Fcomments&post=66"}],"version-history":[{"count":1,"href":"https:\/\/steigen.sv.no\/index.php?rest_route=\/wp\/v2\/pages\/66\/revisions"}],"predecessor-version":[{"id":68,"href":"https:\/\/steigen.sv.no\/index.php?rest_route=\/wp\/v2\/pages\/66\/revisions\/68"}],"wp:attachment":[{"href":"https:\/\/steigen.sv.no\/index.php?rest_route=%2Fwp%2Fv2%2Fmedia&parent=66"}],"wp:term":[{"taxonomy":"category","embeddable":true,"href":"https:\/\/steigen.sv.no\/index.php?rest_route=%2Fwp%2Fv2%2Fcategories&post=66"},{"taxonomy":"post_tag","embeddable":true,"href":"https:\/\/steigen.sv.no\/index.php?rest_route=%2Fwp%2Fv2%2Ftags&post=66"}],"curies":[{"name":"wp","href":"https:\/\/api.w.org\/{rel}","templated":true}]}}

Våre toppkandidater til valget 2023

<figure class="wp-block-image size-medium"><img loading="lazy" decoding="async" width="225" height="300" src="https://steigen.sv.no/wp-content/uploads/sites/73/2023/08/aase-1-225x300.jpg" alt="" class="wp-image-20" /></figure>



<p><strong>1.kandidat<br>Aase Refsnes, ordførerkandidat (39)</strong><br>Etter mine første fire år i kommunestyret og som ordfører for vår fantastiske kommune, er jeg toppmotivert til å fortsette å bygge en enda bedre kommune å bo i. Vi har fått til mye, men mange utfordringer gjenstår. Hvis vi løser utfordringene rundt å rekruttere og beholde ansatte, øke kvaliteten i skole og barnehage og sikre at vi inkluderer alle, vil vi bygge en solid kommune for fremtiden. Jeg<br>er glad for å ha med meg dette stjernelag.</p>



<figure class="wp-block-image size-medium"><img loading="lazy" decoding="async" width="225" height="300" src="https://steigen.sv.no/wp-content/uploads/sites/73/2023/08/erling-1-225x300.jpg" alt="" class="wp-image-21" /></figure>



<p><strong>2.kandidat<br>Erling Sverressønn Reinholdtsen (37)</strong><br>Erling er født og oppvokst i Steigen og returnerte sammen med<br>sin familie for 8 år siden. Erling har sittet i styret i SV gjennom<br>hele forrige periode, og er nå klar for å være enda mer involvert i<br>politikken. Han brenner spesielt for oppveksten til barna i Steigen,<br>landbrukspolitikk, bærekraftig utvikling og utjevning av forskjeller<br>i samfunnet.</p>



<figure class="wp-block-image size-medium"><img loading="lazy" decoding="async" width="225" height="300" src="https://steigen.sv.no/wp-content/uploads/sites/73/2023/08/amanda-1-225x300.jpg" alt="" class="wp-image-22" /></figure>



<p><strong>3.kandidat<br>Amanda N. Karijord (32)</strong><br>Amanda har bodd i flotte Steigen i litt over 3 år og synes det er<br>fantastisk med dugnadsånden og engasjementet folk, lag og<br>foreninger gjør for at Steigen skal bli en enda bedre plass å bo i.<br>Amanda vil gjerne være med å påvirke, og engasjementet bunner<br>i et oppriktig ønske om å løse de utfordringene vi har i kommunen. Hun brenner for bærekraftig utvikling, kvalitet og trygghet i skolen, et mangfoldig landbruk og næringsliv og vil prøve å bidra<br>med nye tanker til det beste for folk i hele Steigen. </p>



<figure class="wp-block-image size-medium"><img loading="lazy" decoding="async" width="225" height="300" src="https://steigen.sv.no/wp-content/uploads/sites/73/2023/08/oddrikard-225x300.jpg" alt="" class="wp-image-23" /></figure>



<p><strong>4.kandidat<br>Odd Rikard Bredal (49)</strong><br>Odd Rikard er vår mest erfarne politiker, og har sittet mange perioder i kommunestyret. Han brenner for kvalitet i skole og barnehage og at alle skal med i skolen, både sosialt og faglig. Han er også<br>svært opptatt av næringsutvikling, spesielt i våre primærnæringer.</p>



<figure class="wp-block-image size-medium"><img loading="lazy" decoding="async" width="225" height="300" src="https://steigen.sv.no/wp-content/uploads/sites/73/2023/08/bjorn-225x300.jpg" alt="" class="wp-image-24" /></figure>



<p><strong>5.kandidat<br>Bjørn Godal (52)</strong><br>Bjørn er ny i politikken, men har alltid vært politisk interessert. Han brenner for å skape et stolt, trygt, sunt og smilende samfunn med rom for alle. For Bjørn betyr det et samfunn med små forskjeller, solid kulturell, estetisk og geografisk forankring. Et samfunn der folk føler seg verdsatt og lytta til, der ressursene forvaltes langsiktig og alle kan ta del i disse. Med alle, mener han også de som kommer etter oss. For Bjørn er miljøvern menneskevern. God ressursforvaltning handler for Bjørn om at alles barn, barnebarn, osv. skal få et best mulig liv. Noe annet har jeg ikke samvittighet til. Bjørn ønsker derfor å bidra til å utvikle Steigensamfunnet til det gode eksemplet på hvordan et bærekraftig framtidssamfunn skal være. Kjernesaker for Bjørn er bo-, nærings- og lokalsamfunnsutvikling, oppvekst, klima- og miljøvennlig omstilling</p>

<p>1.kandidatAase Refsnes, ordførerkandidat (39)Etter mine første fire år i kommunestyret og som ordfører for vår fantastiske kommune, er jeg toppmotivert til å fortsette å bygge en enda bedre kommune å bo i. Vi har fått til mye, men mange utfordringer gjenstår. Hvis vi løser utfordringene rundt å rekruttere og beholde ansatte, øke kvaliteten i skole [&hellip;]</p>

<!-- This site is optimized with the Yoast SEO plugin v27.3 - https://yoast.com/product/yoast-seo-wordpress/ -->
<title>Våre toppkandidater til valget 2023 - Steigen SV</title>
<meta name="robots" content="index, follow, max-snippet:-1, max-image-preview:large, max-video-preview:-1" />
<link rel="canonical" href="https://steigen.sv.no/?page_id=66" />
<meta property="og:locale" content="nb_NO" />
<meta property="og:type" content="article" />
<meta property="og:title" content="Våre toppkandidater til valget 2023 - Steigen SV" />
<meta property="og:description" content="1.kandidatAase Refsnes, ordførerkandidat (39)Etter mine første fire år i kommunestyret og som ordfører for vår fantastiske kommune, er jeg toppmotivert til å fortsette å bygge en enda bedre kommune å bo i. Vi har fått til mye, men mange utfordringer gjenstår. Hvis vi løser utfordringene rundt å rekruttere og beholde ansatte, øke kvaliteten i skole [&hellip;]" />
<meta property="og:url" content="https://steigen.sv.no/?page_id=66" />
<meta property="og:site_name" content="Steigen SV" />
<meta property="og:image" content="https://steigen.sv.no/wp-content/uploads/sites/73/2023/08/aase-1-225x300.jpg" />
<meta name="twitter:card" content="summary_large_image" />
<meta name="twitter:label1" content="Ansl. lesetid" />
	<meta name="twitter:data1" content="2 minutter" />
<script type="application/ld+json" class="yoast-schema-graph">{"@context":"https:\/\/schema.org","@graph":[{"@type":"WebPage","@id":"https:\/\/steigen.sv.no\/?page_id=66","url":"https:\/\/steigen.sv.no\/?page_id=66","name":"Våre toppkandidater til valget 2023 - Steigen SV","isPartOf":{"@id":"https:\/\/steigen.sv.no\/#website"},"primaryImageOfPage":{"@id":"https:\/\/steigen.sv.no\/?page_id=66#primaryimage"},"image":{"@id":"https:\/\/steigen.sv.no\/?page_id=66#primaryimage"},"thumbnailUrl":"https:\/\/steigen.sv.no\/wp-content\/uploads\/sites\/73\/2023\/08\/aase-1-225x300.jpg","datePublished":"2023-08-05T00:23:04+00:00","breadcrumb":{"@id":"https:\/\/steigen.sv.no\/?page_id=66#breadcrumb"},"inLanguage":"nb-NO","potentialAction":[{"@type":"ReadAction","target":["https:\/\/steigen.sv.no\/?page_id=66"]}]},{"@type":"ImageObject","inLanguage":"nb-NO","@id":"https:\/\/steigen.sv.no\/?page_id=66#primaryimage","url":"https:\/\/steigen.sv.no\/wp-content\/uploads\/sites\/73\/2023\/08\/aase-1-225x300.jpg","contentUrl":"https:\/\/steigen.sv.no\/wp-content\/uploads\/sites\/73\/2023\/08\/aase-1-225x300.jpg"},{"@type":"BreadcrumbList","@id":"https:\/\/steigen.sv.no\/?page_id=66#breadcrumb","itemListElement":[{"@type":"ListItem","position":1,"name":"Home","item":"https:\/\/steigen.sv.no\/"},{"@type":"ListItem","position":2,"name":"Våre toppkandidater til valget 2023"}]},{"@type":"WebSite","@id":"https:\/\/steigen.sv.no\/#website","url":"https:\/\/steigen.sv.no\/","name":"Steigen SV","description":"","potentialAction":[{"@type":"SearchAction","target":{"@type":"EntryPoint","urlTemplate":"https:\/\/steigen.sv.no\/?s={search_term_string}"},"query-input":{"@type":"PropertyValueSpecification","valueRequired":true,"valueName":"search_term_string"}}],"inLanguage":"nb-NO"}]}</script>
<!-- / Yoast SEO plugin. -->

Våre toppkandidater til valget 2023 - Steigen SV

1.kandidatAase Refsnes, ordførerkandidat (39)Etter mine første fire år i kommunestyret og som ordfører for vår fantastiske kommune, er jeg toppmotivert til å fortsette å bygge en enda bedre kommune å bo i. Vi har fått til mye, men mange utfordringer gjenstår. Hvis vi løser utfordringene rundt å rekruttere og beholde ansatte, øke kvaliteten i skole [&hellip;]
